3
Suppose -7*s + 2*s + 10 = 4*b, -5*s - 20 = -2*b. Let z be 17 + (-3 - 2/s). Let j = z + -7. Calculate the remainder when j is divided by 3.
2
Let b(l) = l + 1. Let v be b(4). Let x = v + -10. Let d = x + 9. What is the remainder when 7 is divided by d?
3
Let q = 4 - 0. Calculate the remainder when 6 is divided by q.
2
Let z = 17 + -17. Calculate the remainder when (-2)/(-1 + z) - -5 is divided by 4/2 - 0 - -2.
3
Let a(m) = m**2 - 8*m - 7. Calculate the remainder when 5 is divided by a(9).
1
Let s(j) = j**3 - 10*j**2 - 9*j + 10. Let z = 25 + -14. What is the remainder when s(11) is divided by z?
10
Suppose -o + 2*k = -3, 0 = -4*o - 4*k + 25 + 11. Let r(c) = 8*c + 4. Let t be r(4). Suppose 0*g - 3*g + t = 0. What is the remainder when g is divided by o?
5
Let b be 3/2 - 5/(-2). Suppose -b*h - 305 = -9*h. Let w = h - 26. Calculate the remainder when w is divided by 9.
8
Let c = 2 - -2. Suppose -2*h + 4 = 5*t - 3*t, -c*t + 3*h + 36 = 0. Suppose 0 = -0*s + 2*s - 22. What is the remainder when s is divided by t?
5
Let j = 1 + 1. Calculate the remainder when 2/(3*(-4)/(-42)) is divided by (0 - -2)/(1/j).
3
Let d = -11 + 19. Calculate the remainder when 29 is divided by d.
5
Let j(k) = -5*k + 6. Calculate the remainder when j(-3) is divided by 12.
9
Let u(y) = y**2 + 3*y - 3. Calculate the remainder when 26 + 0/(24/6) is divided by u(-5).
5
Suppose 0*g + g = 16. Let r be 9/(-18) - 158/(-4). Let f = r + -9. Calculate the remainder when f is divided by g.
14
Let y(m) = -m**2 - 9*m - 5. Let d be y(-7). Let t = d + -8. Calculate the remainder when 19 is divided by t/(1/((-14)/(-2))).
5
Let w be 52/6 - 2/(-6). Suppose -3*f + 4*i + 28 = 2, 0 = -2*f + i + w. What is the remainder when 1 is divided by (21/(-12) + f)*4?
0
Let x = 146 + -81. What is the remainder when x is divided by 17?
14
What is the remainder when 49 is divided by 7 + -8 - (0 - 18)?
15
Suppose 8*k = 4*k + 60. Suppose -4*i + 31 + 5 = 0. What is the remainder when k is divided by i?
6
Let y(k) = -29*k**3 + k**2 + k - 1. Let r be y(1). Let a = -13 - r. Let z = -43 - -72. What is the remainder when z is divided by a?
14
Suppose -2*x - 3*a = -2 - 1, -3*x + 6 = 4*a. What is the remainder when 8 is divided by x?
2
Let q(k) = -5*k**3 - 2*k**2 - 3*k - 3. Let j be q(-2). Let l = 51 - j. Calculate the remainder when l is divided by 9.
7
Suppose -6*m + 50 = -m. What is the remainder when 12 is divided by 2/m - 114/(-30)?
0
Suppose -5*o = -6*o + 4, 3*t = -4*o + 136. What is the remainder when t is divided by 21?
19
What is the remainder when 86 is divided by 45/(1/2*3)?
26
Let n = -23 + 6. Let z = -5 - n. Calculate the remainder when 22 is divided by z.
10
Let i be (-6)/9*-3 - -3. Let v(c) = c**2 - 3*c - 1. Suppose -5*x = -3*x - 10. What is the remainder when v(i) is divided by x?
4
Let v be 85/(-10) + 9/(-6). What is the remainder when 147 is divided by ((-185)/v)/((-2)/(-4))?
36
Let w = 103 - 65. Let m be 12/16 - (-1)/4. Suppose m = r - w. Calculate the remainder when r is divided by 10.
9
Let j be (78 - -2) + 1 + -2. Let l = -165 + j. Let i = -49 - l. What is the remainder when i is divided by 13?
11
Let x = 42 + -25. Let w(p) = 2*p**2 - 17*p + 66. What is the remainder when w(5) is divided by x?
14
Let b(m) = -m**3 + 2*m**2 + 10*m + 3. What is the remainder when b(-4) is divided by 15?
14
Let z(k) = 2*k**2 - 7. What is the remainder when z(-5) is divided by 23?
20
Suppose 3*h = -2*h + 45. What is the remainder when 25 is divided by h?
7
Suppose -2*w - 4*m = -2*m - 30, -4*w + 24 = -5*m. What is the remainder when 29 is divided by w?
7
Suppose -5*j = -3*g - 13, -2*g - 15 = -4*j - 3. Suppose -7*c + 60 = -2*c. Calculate the remainder when c is divided by g.
0
Suppose -3*c + 63 + 24 = 0. Let j = -16 + 26. What is the remainder when c is divided by j?
9
Suppose -g + 1 = 0, 4*q + 2*g - 20 - 18 = 0. What is the remainder when 42 is divided by q?
6
Let u(i) = -i**3 - 10*i**2 - 11*i + 4. Calculate the remainder when 108 is divided by u(-9).
20
Let y(x) = x + 6. Let l be y(-7). Let u be 1 + l - 0/2. Suppose 3*t + 2*s + 50 = 7*t, -5*t + 3*s + 61 = u. Calculate the remainder when 41 is divided by t.
13
Suppose 3*y - 5*r = 35, -4*r = -2*y + 22 + 2. Suppose 0 = m - 0 - 4. Calculate the remainder when y is divided by m.
2
Let r = 8 + -17. Let t = 18 + r. Calculate the remainder when t is divided by 5.
4
Let y = -9 + 26. What is the remainder when 31 is divided by y?
14
Let f(d) = -38*d + 1. Let a(q) = q**3 + 5*q**2 + 3*q - 3. Let c be a(-4). Let m be f(c). Let y = -26 - m. Calculate the remainder when 32 is divided by y.
10
Let u(q) = -q**2 - 4*q. Let d be u(-2). Suppose -5*w + d*x + 3 + 38 = 0, -1 = -x. Suppose -w = -5*m + 1. Calculate the remainder when 2 is divided by m.
0
Suppose -t + 19 + 1 = 0. Let b(l) = -l**3 + 2*l**2 + 4*l + 3. What is the remainder when t is divided by b(-2)?
9
Let l(o) = 6*o**2 - 7*o - 3. Let r(h) = 4*h**2 - 5*h - 2. Let q(g) = 5*l(g) - 7*r(g). Let b = 8 + -5. What is the remainder when q(2) is divided by b?
1
Suppose 24 = 5*b - 3*u, 0 = -4*b + 2*u + 2*u + 24. Suppose -a + 8 = f - b*f, 0 = 3*a + 2*f - 16. Calculate the remainder when 22 is divided by a.
4
Let v be ((-1)/(-2))/(4/8). Let y(q) = 53*q**3 - q**2 + 1. What is the remainder when y(v) is divided by 18?
17
Let m(n) = n**3 - 6*n**2 + 3*n - 4. Let g be m(6). Suppose g - 44 = -5*l. What is the remainder when l is divided by 4?
2
Let m(i) = i**2 - 12*i - 1. Let l be m(12). Let a(g) = -5*g**3 - g. Suppose -5*w + 3*k = -94, 5*k + 7 = -8. Calculate the remainder when w is divided by a(l).
5
Suppose 2*w = -3*w + 85. What is the remainder when (0/1 - 67)/(-1) is divided by w?
16
Let u(x) = -x**3 + 17*x**2 + 25*x + 12. Calculate the remainder when u(18) is divided by 28.
26
Suppose 3*k + 0 - 9 = 0. Let w = 0 + 2. Suppose -5*y - w*l = -45, -4*l + 20 = 3*y - 21. Calculate the remainder when y is divided by k.
1
Suppose 27 = 5*u - 2*u. Suppose -4*o = -3*o + 2*p - u, 3*p + 84 = 5*o. Calculate the remainder when 59 is divided by o.
14
Suppose -m - 151 = -3*y, 5*y - 3*y - 94 = -m. Calculate the remainder when y is divided by 17.
15
Suppose -8 = 3*z + z. Let r(c) = c**2 + 2*c + 3. Let y be r(z). Let j = 2 + y. Calculate the remainder when j is divided by 2.
1
Let a = -8 + 9. Suppose -j + a = -4*t, -10 = -2*t - 3*t. Calculate the remainder when 17 is divided by j.
8
Let v(m) = -m**2 - 4*m + 6. Let q be v(-5). Calculate the remainder when (-1 + 6)*q/1 is divided by 4.
1
Suppose -4*c + 16 = i - 2*i, -4*i + 31 = 3*c. Suppose -28 = -i*l + 20. Calculate the remainder when l is divided by 3.
0
Suppose d - 3*f - 7 = 2*f, -3*d - 2*f + 21 = 0. Suppose -62 = -4*h + 6. Suppose -4*a - 1 = -h. Calculate the remainder when d is divided by a.
3
Suppose -59 = -4*g + 5*q, q + 4*q - 46 = -g. What is the remainder when 26 is divided by g?
5
What is the remainder when 36 is divided by 765/40 + 2/(-16)?
17
Let s(m) = -m**2 - 11*m + 15. What is the remainder when 3 is divided by s(-12)?
0
Let k(l) be the second derivative of -l**3/2 - 2*l**2 + l. Let v be k(-5). What is the remainder when (v/2)/((-2)/(-16)) is divided by 15?
14
Let u(o) = -3 - 2*o + 0*o - 4 + 0*o. Calculate the remainder when 12 is divided by u(-7).
5
Suppose -34*r - 30 = -36*r. What is the remainder when 59 is divided by r?
14
Suppose -2*p + 171 = 39. Suppose 3*w + f - 17 = 78, 2*f = -2*w + p. Suppose -2*l - 5*m = -w, 0*m = l + m - 20. Calculate the remainder when l is divided by 8.
7
Suppose c - 32 = -4*r - 3*c, -2*r - 4*c + 24 = 0. Let g be (2 + 2)*(-2)/(-4). Let w = 1 + g. What is the remainder when r is divided by w?
1
Let f = 65 - 116. What is the remainder when (30/(-9) + 3)*f is divided by 6?
5
Let v(r) = -r**2 - 8*r + 2. Suppose 2*g = 3*t + 3, 5*t + 7 = 3*g - 0*t. What is the remainder when v(-7) is divided by (10/(-4))/(3/g)?
4
Suppose -2*n + 2*f + 26 = 0, -n - f = 4*n - 53. What is the remainder when 20 is divided by n?
9
What is the remainder when 36 is divided by 16 - 14/(-4)*24/(-42)?
8
Suppose -18 = -4*q + 6. Let k(u) be the third derivative of u**4/24 + u**3/6 - u**2. What is the remainder when 13 is divided by k(q)?
6
Let l = 158 - 93. What is the remainder when l is divided by 17?
14
Let m be (26/(-3))/((-6)/18). Suppose -t = -4*p - m, 3*p + 31 = t - 2*p. Let v = 14 + t. Calcula